 What is the highest common divisor of r and 3?
3
Let l(c) = c**3 - 3*c**2 - 4*c + 4. Let a be l(4). Calculate the greatest common factor of a and 1.
1
Let a be 7/28 - (-39)/4. Let w = 18 - a. Calculate the greatest common divisor of w and 88.
8
Suppose 3*l + 336 = 6*l - 5*a, -4*a = -2*l + 224. Calculate the greatest common divisor of 8 and l.
8
Let v(m) = -m**3 + 13*m**2 + 3*m. Suppose 5*r + 2*g = 69, -4*r - g = -2*r - 28. Let s be v(r). What is the greatest common divisor of 13 and s?
13
Let j(h) = 26*h**2 - 2*h + 1. Let a be j(1). Let o be (-15)/a - 116/(-10). Calculate the greatest common divisor of o and 1.
1
Let x(y) = y + 12. Suppose -5*g + 4*g - 4*n = -10, 0 = -4*g - 3*n + 40. Let l be x(g). Let h = 31 - l. What is the greatest common divisor of 99 and h?
9
Suppose -4*a + 4 = 3*s - 9, -2*s + 2 = 4*a. Suppose 6 - 52 = -u + 4*c, -3*u = -3*c - 183. Suppose -u = -i - i. What is the greatest common factor of s and i?
11
Suppose 0 = -3*a + b + 15, -a = a - b - 11. What is the greatest common divisor of a and 16?
4
Suppose -6*i + i + 100 = 0. Suppose 2*m = -3*m + i. Let c be -3 + m - 138/(-2). What is the greatest common factor of 10 and c?
10
Let y = -1 + 3. Suppose 5*k = 3*u + u - 27, y*u - 10 = 2*k. Let d = k - -10. Calculate the highest common factor of 2 and d.
1
Let k(n) be the third derivative of -n**4/24 + n**3/2 - 3*n**2. Let q be k(0). Let p be (1/(-2))/(q/(-54)). Calculate the highest common factor of p and 81.
9
Suppose -33 = -4*p + 3. Suppose b - 115 = -2*b - 5*o, 0 = 3*b - 3*o - 147. Calculate the highest common divisor of b and p.
9
Let z(d) = -d**2 - 3*d + 10. Suppose 0 = -3*c + 6*c. Let g be z(c). What is the highest common divisor of 10 and g?
10
Let g = -4 - -20. Suppose x - i - g - 5 = 0, 3*x + 2*i - 63 = 0. Calculate the greatest common divisor of 21 and x.
21
Let j = 53 + -413. Let a be ((-9)/(-12))/((-3)/j). Let s be (4/6)/(2/30). Calculate the highest common factor of a and s.
10
Let w(c) = 18*c - 5. Let d(g) = 99*g - 27. Let l(k) = -5*d(k) + 27*w(k). Let b be l(3). Let v be 64/6*b/(-12). What is the highest common factor of v and 60?
12
Let c = 15 + -9. Suppose c*u - u - 35 = 0. Suppose -28 = s - 3*s. Calculate the greatest common factor of u and s.
7
Let s(a) = 121*a**3 - 3*a**2 + 2*a. Let g be s(1). Calculate the highest common divisor of g and 48.
24
Suppose -1 = -p + 5. Let v(s) = -2*s - 14. Let c(z) = -z - 7. Let d(u) = 9*c(u) - 4*v(u). Let h be d(-11). Calculate the highest common factor of h and p.
2
Suppose 0 = -r - 2*r, -3*r = -3*c - 111. Let j = c + 53. Let i be -2 + (36 - (3 + -1)). What is the greatest common factor of i and j?
16
Suppose 2*h = 5*h. Suppose h = 5*o - 6 - 9. Calculate the highest common divisor of o and 2.
1
Suppose 0 = c - 2 - 4. Calculate the highest common divisor of 48 and c.
6
Suppose 0 = i - 5*k + 23, 0 = -0*i + 2*i - 2*k + 30. Let q = i - -25. What is the greatest common factor of q and 4?
4
Suppose 4*p + f - 21 = 0, 2*p = 2*f + 2 - 4. Suppose p*h - 29 = 3. What is the highest common divisor of h and 32?
8
Suppose -2*s = -p - 19, -2*s - 4*p = -2*p - 34. Calculate the highest common divisor of s and 48.
12
Let d be ((-8)/6)/((-42)/693). Calculate the highest common divisor of d and 176.
22
Suppose -4*d + 4*y + 80 = 0, 3*y = 8*d - 4*d - 76. What is the greatest common divisor of d and 40?
8
Let s(l) = -l**3 + 5*l**2 + 3*l - 3. Let w be s(5). Suppose -f = -5*f + 12. Calculate the highest common factor of w and f.
3
Suppose 10*a + 9*a = 798. What is the highest common divisor of a and 14?
14
Suppose 2*o + o - 123 = 0. Let u = 60 - o. Let l = -8 + u. What is the greatest common factor of 1 and l?
1
Let b(o) = -o**3 + 2*o**2 - 3*o - 5. Let y be b(-2). Calculate the highest common factor of 51 and y.
17
Let s(a) = 25*a + 3. Let z be s(6). Suppose 0 = 3*l - 2*k + 9, 4*l + 2 + 10 = 2*k. Let j be 17 - (l/3 - -1). Calculate the greatest common factor of z and j.
17
Suppose -3*v + 2 = 5*j - 9, j = -v + 7. Suppose 0 = -3*m - n, 7*n = -2*m + 4*n. Let r be 10 + (m - (-2)/1). Calculate the greatest common factor of v and r.
12
Let r(i) = i**2 - 4*i + 1. Let b be r(4). Let d be 20 + -4 - -1*b. Calculate the greatest common factor of d and 153.
17
Let c = 151 + -129. Let t(m) = m**2 + 6*m - 2. Let d be t(8). Calculate the greatest common divisor of c and d.
22
Suppose -5*k = 2*o - 220, 4*k + 3*o - 44 = 3*k. Let l = k - -11. What is the greatest common divisor of l and 11?
11
Suppose 0 = 5*g - 25. Calculate the greatest common factor of g and 55.
5
Let v be 0 + -1 + 52 + 1. Suppose v = -3*p - 2. Let u be (4 - p)/(2/5). Calculate the greatest common factor of 22 and u.
11
Let p = -100 + 165. Let k(c) = 15*c + 2. Let g be k(2). Suppose -g = -3*m + 7. Calculate the highest common divisor of m and p.
13
Suppose 22 = 4*f - 4*i + 2, -4*f = 2*i - 2. What is the greatest common factor of 1 and f?
1
Suppose 0*s = -s - 33. Let b = -15 - s. Let w = 127 - 1. Calculate the highest common factor of b and w.
18
Let k be (10/(-6))/(11/(-528)). Calculate the highest common factor of 20 and k.
20
Suppose 0 = 5*s + 5*j - 20, -3*j = 5*s - 7 - 11. Calculate the highest common divisor of 21 and s.
3
Suppose -2*m + 22 = -m. What is the greatest common factor of m and 22?
22
Let i = 40 + 22. Calculate the greatest common divisor of i and 93.
31
Let c = -32 + 65. Calculate the highest common factor of c and 22.
11
Suppose x - g = 39, -x - 15 = g - 52. What is the greatest common divisor of x and 38?
38
Let t(u) be the third derivative of -4*u**2 + 1/60*u**5 - 1/24*u**4 - 5/6*u**3 + 0*u + 0. Let i be t(4). Calculate the highest common factor of 77 and i.
7
Let g(q) = q**3 + 7*q**2 + q + 5. Let j be g(-7). Let k be j*(165/6)/(-5). Let l = k + 4. What is the highest common factor of 3 and l?
3
Let f(k) = -5*k. Let r be f(-1). Suppose -161 - 159 = -r*l. Let u(j) = j**2 - 9. Let p be u(5). Calculate the greatest common divisor of l and p.
16
Suppose -13*u - 1568 = -20*u. Calculate the greatest common divisor of u and 7.
7
Suppose -3*m - 2*p = -431, -m + 39 = 2*p - 106. Calculate the greatest common divisor of m and 13.
13
Let z be (-3)/((-3)/(-4)) - -114. What is the greatest common divisor of z and 10?
10
Suppose 0 = -5*v - 0*v + 90. Suppose -i = -2*i + v. Let p be 6/3 + -2 + 180. Calculate the greatest common factor of i and p.
18
Suppose -40 = 5*r - 10. Let u(n) = 2*n**2 - 7*n + 1. Let l be u(5). Let y = r + l. Calculate the highest common divisor of 5 and y.
5
Let d(s) = -s**3 - 8*s**2 + 2*s + 8. Let u be d(-8). Let y be (-8)/(-10)*(-180)/u. What is the highest common divisor of 6 and y?
6
Let t(u) = -u**3 + 3*u + 8. Let s be t(0). Calculate the highest common divisor of 24 and s.
8
Suppose 13*y = 15*y - 8. What is the highest common divisor of 1 and y?
1
Let u = 46 - -17. Let r(p) = -p**2 + 11*p - 1. Let n be r(10). Calculate the greatest common divisor of n and u.
9
Let o(i) be the third derivative of 2*i**2 - 9/4*i**4 + 2/3*i**3 + 0*i + 0. Let m be o(-4). Calculate the highest common divisor of 20 and m.
20
Let o be (-4 + 6)/(2 - 1). Suppose -o*k + 3*k - 82 = -3*t, 2*t + 2*k = 60. What is the greatest common divisor of t and 13?
13
Suppose 3*j + j = 12. Suppose -p - 2*t = -3, -p = -3*p + j*t - 15. Let r be 12/3*p/(-2). What is the greatest common divisor of 12 and r?
6
Let k be (-1)/3 - 133/(-21). Calculate the highest common divisor of k and 48.
6
Let k(b) = 2*b**3 - b - 4*b**2 + 3*b**2 + 1 - 3. Let h(f) = 2*f - 4. Let a be h(3). Let z be k(a). What is the greatest common divisor of 24 and z?
8
Let n(f) = 5*f**2 - 2*f - 4*f**2 - 2*f + 2*f + 3. Let u be n(-6). Calculate the highest common divisor of u and 17.
17
Let v = -12 + 19. Let j be 4/((-8)/3)*-14. What is the highest common factor of j and v?
7
Suppose 8*c = 4*c + 32. Suppose -91 = -4*v + x, 0 = -3*v - 5*x - 21 + 118. What is the greatest common divisor of c and v?
8
Suppose 0*i - 5*i = -170. What is the highest common factor of 68 and i?
34
Let w = 95 - -13. Calculate the greatest common factor of w and 12.
12
Let b(d) = -2*d**2 + 3*d**2 - 3*d + 5*d + 3. Let k be b(-3). Let c = -60 - -84. Calculate the highest common divisor of c and k.
6
Let s = -67 - -68. Calculate the highest common divisor of s and 11.
1
Suppose 0 = y + 4*y - 15. Suppose -u - 26 = -y*u. Let 